729?
True
Does 14 divide 123569551?
False
Is 8 a factor of 7465512?
True
Is 7 a factor of 1173368287?
True
Does 10 divide 450301517?
False
Does 4417 divide 182139412?
True
Is 741234 a multiple of 78?
True
Does 127 divide 685818161?
True
Does 26 divide 29826992?
True
Does 3032 divide 26459397?
False
Does 1661 divide 1037643310?
True
Is 1677950885 a multiple of 239?
True
Does 1423 divide 132351469?
False
Is 607543123 a multiple of 3744?
False
Does 815 divide 106242585?
True
Is 222024330 a multiple of 495?
True
Is 827456493 a multiple of 4278?
False
Is 750 a factor of 238172250?
True
Is 117979317 a multiple of 9?
True
Does 1029 divide 327929494?
False
Does 10 divide 272313305?
False
Does 94 divide 4726602?
True
Is 7999597 a multiple of 564?
False
Is 14 a factor of 35780364?
False
Is 502716505 a multiple of 9?
False
Is 348958232 a multiple of 2396?
True
Does 1601 divide 1346561790?
False
Is 26949 a multiple of 3?
True
Does 10259 divide 3301485068?
False
Is 52 a factor of 375559174?
False
Is 7342655542 a multiple of 14?
False
Is 32148645 a multiple of 15?
True
Is 33 a factor of 16192275?
True
Is 51 a factor of 443406100?
False
Does 1819 divide 612444094?
False
Does 457 divide 387578044?
True
Does 5 divide 160384580?
True
Is 14029424 a multiple of 16?
True
Is 19 a factor of 16770673?
True
Does 1558 divide 165697974?
True
Is 16358221 a multiple of 24?
False
Is 241 a factor of 9032921?
True
Is 81 a factor of 2312226?
True
Does 3568 divide 3050199378?
False
Is 2213 a factor of 239255339?
False
Is 14199918 a multiple of 260?
False
Is 854123605 a multiple of 208?
False
Is 303992771 a multiple of 1171?
True
Is 7 a factor of 668292940?
True
Is 156 a factor of 568801386?
False
Is 48578774 a multiple of 54?
False
Is 19 a factor of 1178736?
False
Is 27603744 a multiple of 283?
False
Is 422341785 a multiple of 573?
False
Does 60 divide 7399070?
False
Does 645 divide 45542160?
True
Is 55 a factor of 167675454?
False
Is 43022792 a multiple of 296?
False
Is 2368938 a multiple of 16?
False
Is 1229003250 a multiple of 6?
True
Is 41 a factor of 979202579?
False
Is 6734817 a multiple of 2?
False
Is 1357027 a multiple of 26?
False
Is 848031062 a multiple of 402?
False
Does 42 divide 55871435?
False
Does 300 divide 64708800?
True
Does 402 divide 1116575897?
False
Does 18 divide 1413219608?
False
Is 364 a factor of 397305996?
False
Does 654 divide 210676632?
False
Does 328 divide 180389832?
True
Is 34 a factor of 143333154?
True
Is 188 a factor of 4745806?
False
Is 14 a factor of 1468035898?
True
Is 63611081 a multiple of 43?
False
Is 92 a factor of 2654815560?
False
Does 915 divide 60989333?
False
Is 408 a factor of 2305987440?
True
Does 931 divide 137982253?
False
Is 2325149320 a multiple of 152?
True
Is 586 a factor of 69505465?
False
Does 19 divide 587397014?
False
Does 8 divide 169517520?
True
Is 61 a factor of 8736341?
False
Is 506 a factor of 196441254?
False
Is 8443408 a multiple of 124?
True
Does 107 divide 731608113?
True
Is 207 a factor of 1074379327?
False
Is 1372 a factor of 331617888?
True
Is 6334005 a multiple of 29?
False
Is 20748610 a multiple of 843?
False
Is 82 a factor of 280932?
True
Is 2944940717 a multiple of 1725?
False
Does 5 divide 116862310?
True
Does 3 divide 1515084?
True
Does 1094 divide 607901040?
False
Does 860 divide 29116676?
False
Is 79709248 a multiple of 148?
True
Is 7090019 a multiple of 469?
False
Does 2280 divide 2592360?
True
Is 105 a factor of 76209735?
True
Is 55203382 a multiple of 21?
False
Is 17 a factor of 156017040?
False
Does 28 divide 9036020?
True
Is 3 a factor of 10033501?
False
Is 3085016407 a multiple of 11?
True
Does 11 divide 215387249?
True
Is 1951320 a multiple of 1288?
True
Does 1200 divide 2146800?
True
Is 208859611 a multiple of 1599?
False
Does 1080 divide 153411418?
False
Does 11 divide 32555172?
False
Is 100 a factor of 1113200?
True
Is 848504034 a multiple of 119?
True
Is 526 a factor of 117624120?
True
Is 433648004 a multiple of 1558?
False
Is 87 a factor of 2680731?
True
Is 10242410 a multiple of 10?
True
Is 94 a factor of 9367203?
False
Is 263455526 a multiple of 7?
False
Does 13 divide 21063406?
True
Does 360 divide 22124880?
True
Does 369 divide 8689581?
True
Is 540 a factor of 654978826?
False
Is 775 a factor of 309324200?
True
Is 943645944 a multiple of 12?
True
Is 47 a factor of 569129150?
False
Is 6267480817 a multiple of 1663?
False
Is 25 a factor of 1060887218?
False
Does 5 divide 308750640?
True
Is 13306773 a multiple of 40?
False
Does 96 divide 42005664?
True
Is 344 a factor of 80847664?
False
Does 127 divide 70787768?
True
Is 37 a factor of 214424060?
False
Is 825868402 a multiple of 975?
False
Is 591578680 a multiple of 209?
True
Is 312 a factor of 1515860112?
True
Does 12 divide 746682623?
False
Is 1002 a factor of 322044299?
False
Is 1622 a factor of 1565942058?
True
Does 17 divide 40709941?
False
Does 117 divide 678824864?
False
Is 303579725 a multiple of 45?
False
Is 10 a factor of 27611783?
False
Is 397089 a multiple of 7?
True
Is 5 a factor of 1782350?
True
Is 294329680 a multiple of 16?
True
Is 18 a factor of 1206220696?
False
Is 19 a factor of 603237061?
True
Is 57598850 a multiple of 10?
True
Is 1472593256 a multiple of 1799?
False
Does 1211 divide 1945980527?
False
Is 464 a factor of 802943060?
False
Does 23 divide 935338608?
True
Is 777 a factor of 891155286?
True
Is 21 a factor of 381272640?
True
Is 7222714 a multiple of 107?
True
Is 10 a factor of 14671050?
True
Does 6782 divide 1316057595?
False
Is 31 a factor of 1079858247?
True
Is 143 a factor of 541223874?
False
Is 228750140 a multiple of 869?
False
Is 15 a factor of 52726374?
False
Is 1025439534 a multiple of 6594?
True
Does 612 divide 1311825060?
True
Is 2 a factor of 6379812?
True
Is 42225742 a multiple of 43?
True
Is 138696517 a multiple of 802?
False
Is 234487112 a multiple of 1031?
False
Is 88 a factor of 183029000?
True
Is 17 a factor of 831739807?
True
Does 190 divide 136979658?
False
Is 67 a factor of 2643485?
True
Does 647 divide 4610678526?
False
Does 1533 divide 214773300?
True
Is 2150603145 a multiple of 45?
True
Is 867 a factor of 4822687?
False
Is 1206256766 a multiple of 13?
True
Is 88873552 a multiple of 374?
False
Is 16 a factor of 336924551?
False
Is 58124196 a multiple of 52?
True
Is 66 a factor of 626701143?
False
Is 149 a factor of 30976206?
True
Does 19 divide 18409605?
False
Is 106 a factor of 81214723?
False
Is 31 a factor of 283993480?
True
Does 8 divide 5266334?
False
Does 37 divide 2673731?
True
Is 358 a factor of 27759678?
True
Is 21 a factor of 8656766?
False
Does 672 divide 142910208?
True
Is 4442 a factor of 803784342?
True
Is 7798 a factor of 4654517028?
True
Is 123 a factor of 80699521?
False
Is 162018609 a multiple of 113?
True
Is 32 a factor of 144772952?
False
Does 1015 divide 41233360?
True
Does 9 divide 1275663629?
False
Is 379 a factor of 97124435?
True
Does 17 divide 3535758812?
False
Does 37 divide 212304011?
False
Is 218 a factor of 62304162?
False
Does 158 divide 12938072?
False
Is 4303 a factor of 54728431?
False
Does 1582 divide 186148648?
False
Is 119970546 even?
True
Is 5779798 a multiple of 79?
True
Is 237181548 a multiple of 31?
False
Is 253 a factor of 1477741331?
False
Does 2210 divide 2493781680?
True
Is 11244220 a multiple of 3068?
True
Is 4 a factor of 9443616?
True
Is 1872269252 a multiple of 28?
True
Does 2 divide 2836737?
False
Does 58 divide 1601307094?
True
Is 41 a factor of 43222315?
False
Does 4303 divide 345574621?
False
Is 33068773 a multiple of 1293?
False
Does 179 divide 136354137?
False
Is 79319258 a multiple of 466?
True
Does 16 divide 16972832?
True
Is 1217492857 a multiple of 149?
True
Is 11 a factor of 10369986?
True
Is 250 a factor of 470350000?
True
Is 334 a factor of 4341554?
False
Is 112 a factor of 397890698?
False
Is 493 a factor of 1207889201?
False
Is 19 a factor of 98518971?
True
Is 87348786 a multiple of 518?
True
Is 945 a factor of 6976167660?
True
Does 483 divide 2377253311?
False
Does 66 divide 2235073662?
False
Is 316 a factor of 31292216?
True
Is 671571 even?
False
Is 106 a factor of 117436528?
False
Does 537 divide 2603073893?
False
Is 338654863 a multiple of 672?
False
Is 287970289 a multiple of 7?
False
Is 83 a factor of 357421074?
